 691176 and 11904.
744
Calculate the greatest common divisor of 154 and 6181.
7
What is the greatest common factor of 51989 and 147?
49
What is the greatest common divisor of 639 and 42387?
213
Calculate the highest common factor of 971560 and 40.
40
Calculate the greatest common divisor of 354 and 210807.
177
What is the highest common divisor of 2013360 and 165?
15
What is the greatest common factor of 125 and 17653250?
125
Calculate the highest common factor of 10 and 385.
5
What is the highest common factor of 1254 and 10?
2
Calculate the greatest common factor of 935 and 2074.
17
What is the greatest common factor of 33354 and 4386?
102
Calculate the highest common factor of 2208 and 2748.
12
Calculate the highest common factor of 157 and 204257.
157
Calculate the highest common factor of 221985 and 180.
45
Calculate the greatest common divisor of 1179 and 3406.
131
What is the greatest common divisor of 6180 and 1245?
15
Calculate the highest common factor of 16 and 47504.
16
What is the greatest common factor of 1360 and 265?
5
Calculate the highest common factor of 45 and 1865.
5
What is the highest common factor of 254066 and 2?
2
What is the greatest common divisor of 1336 and 501?
167
What is the highest common divisor of 4848 and 906879?
303
What is the highest common factor of 168 and 51534?
42
What is the highest common divisor of 35694 and 108?
54
Calculate the greatest common divisor of 562 and 1720563.
281
Calculate the greatest common factor of 19012 and 3007.
97
Calculate the greatest common divisor of 57539 and 3177.
353
What is the greatest common factor of 567547 and 194?
97
Calculate the greatest common divisor of 27 and 613.
1
What is the greatest common divisor of 264927 and 182?
13
What is the highest common divisor of 4109 and 9765?
7
What is the highest common divisor of 195306 and 516?
258
Calculate the greatest common divisor of 3502 and 850.
34
What is the highest common factor of 3740 and 616?
44
Calculate the highest common divisor of 80 and 30075.
5
Calculate the highest common factor of 1448851 and 193.
193
What is the greatest common factor of 128 and 38072?
8
What is the highest common factor of 202 and 9026?
2
Calculate the highest common divisor of 4439 and 437.
23
Calculate the greatest common factor of 14 and 16202.
2
What is the highest common divisor of 120 and 240540?
60
Calculate the highest common divisor of 15931 and 356.
89
What is the highest common factor of 185 and 28342?
37
What is the greatest common factor of 2942 and 1516601?
1471
What is the highest common divisor of 112079 and 253?
253
What is the greatest common divisor of 42718 and 286?
26
Calculate the greatest common divisor of 496 and 208.
16
Calculate the greatest common divisor of 6467 and 348.
29
What is the greatest common factor of 216 and 1816?
8
Calculate the greatest common divisor of 108 and 20322.
18
Calculate the highest common factor of 119577 and 2967.
69
Calculate the greatest common factor of 324751 and 119.
119
Calculate the highest common divisor of 1507 and 5269.
11
What is the highest common factor of 14000 and 2500?
500
Calculate the highest common factor of 2061768 and 3170.
634
What is the highest common factor of 791 and 221254?
113
What is the greatest common divisor of 55 and 3421?
11
Calculate the greatest common factor of 87120 and 1200.
240
What is the highest common divisor of 1135 and 12315?
5
What is the greatest common factor of 1899 and 5612178?
633
Calculate the highest common factor of 8704 and 306.
34
Calculate the greatest common divisor of 6887 and 7171.
71
Calculate the greatest common factor of 13509 and 1368.
171
What is the greatest common factor of 544 and 94384?
272
What is the highest common divisor of 77 and 32620?
7
What is the greatest common divisor of 50736 and 9744?
336
Calculate the highest common divisor of 335 and 10251.
67
Calculate the greatest common divisor of 1955 and 23851.
391
Calculate the greatest common divisor of 22948807 and 287.
287
What is the highest common factor of 834 and 66?
6
What is the greatest common divisor of 88 and 508?
4
Calculate the highest common divisor of 18408 and 1092.
156
What is the highest common factor of 112 and 3192028?
28
Calculate the highest common divisor of 18158 and 518.
14
What is the greatest common factor of 3 and 226833?
3
What is the greatest common divisor of 2 and 521?
1
What is the highest common divisor of 315 and 2541?
21
Calculate the highest common factor of 144 and 962316.
36
What is the highest common factor of 190 and 604694?
38
Calculate the greatest common factor of 2180 and 2420.
20
What is the highest common divisor of 1235 and 1820?
65
Calculate the highest common factor of 893178 and 286.
286
Calculate the highest common divisor of 24 and 117492.
12
What is the greatest common factor of 39905 and 55?
5
Calculate the greatest common divisor of 2667844 and 204.
68
What is the greatest common factor of 1304899 and 811?
811
What is the highest common factor of 36 and 18372?
12
What is the highest common factor of 14 and 24283?
7
Calculate the greatest common divisor of 60 and 88032.
12
Calculate the highest common divisor of 30750 and 2850.
150
What is the greatest common factor of 532 and 302148?
28
Calculate the greatest common divisor of 144 and 8976.
48
What is the greatest common divisor of 6435 and 1215?
45
What is the highest common divisor of 22698 and 65?
13
Calculate the highest common factor of 72 and 113760.
72
What is the greatest common divisor of 448 and 1043?
7
What is the greatest common divisor of 1467 and 18?
9
Calculate the highest common factor of 1053 and 155493.
351
Calculate the highest common factor of 5888 and 30176.
736
What is the greatest common divisor of 476 and 56?
28
Calculate the greatest common divisor of 11 and 46112.
11
What is the greatest common divisor of 106 and 6955985?
53
Calculate the greatest common divisor of 2983 and 1121.
19
What is the greatest common factor of 5 and 84415?
5
Calculate the highest common factor of 544 and 3026.
34
Calculate the greatest common factor of 876 and 24432.
12
What is the greatest common divisor of 1617 and 124803?
147
Calculate the greatest common divisor of 1446885 and 2442.
1221
Calculate the highest common divisor of 109142 and 82.
82
Calculate the highest common divisor of 23517 and 871.
871
Calculate the greatest common factor of 3850 and 503250.
550
What is the highest common factor of 1084 and 42276?
1084
Calculate the greatest common factor of 1968 and 42189.
123
What is the highest common factor of 2409 and 62415?
219
Calculate the highest common divisor of 3127 and 177.
59
Calculate the greatest common divisor of 862 and 263.
1
What is the highest common divisor of 36895 and 37680?
785
Calculate the highest common divisor of 1328016 and 48.
48
Calculate the highest common factor of 774 and 66306.
258
What is the highest common divisor of 24614 and 682?
62
What is the highest common factor of 33572 and 168?
28
Calculate the greatest common divisor of 53576 and 370.
74
What is the highest common factor of 51152 and 1?
1
Calculate the greatest common divisor of 83090 and 35.
35
Calculate the highest common factor of 2090 and 716490.
190
What is the greatest common factor of 164 and 26445?
41
Calculate the highest common factor of 10 and 1515340.
10
What is the greatest common divisor of 3667 and 59251?
193
Calculate the greatest common factor of 257936 and 8272.
752
What is the highest common factor of 880 and 30932?
44
Calculate the highest common divisor of 4185 and 602370.
135
Calculate the greatest common factor of 6679259 and 166.
83
What is the greatest common divisor of 9360 and 21645?
585
Calculate the greatest common divisor of 43628 and 52.
52
Calculate the greatest common factor of 1011 and 588739.
337
What is the highest common factor of 2968 and 8851?
53
What is the greatest common factor of 1207 and 3?
1
What is the greatest common factor of 190 and 48355?
95
What is the highest common divisor of 880724 and 4?
4
What is the greatest common divisor of 1013595 and 99?
33
Calculate the highest common divisor of 15264 and 288.
288
What is the highest common divisor of 75 and 1140?
15
What is the highest common factor of